
5, 7
Let t(u) = 2359*u**2 + 158*u + 799. List the prime factors of t(-5).
2, 73, 101
Let a = 269 + 568. What are the prime factors of a?
3, 31
Let m be (-8)/((-64)/(-226))*4. Suppose 888 = -4*a - 4*b, -3*b - 20 = b. Let n = m - a. List the prime factors of n.
2, 13
Let n(t) = -74*t + 22. Let r be n(4). Let a = r + 365. What are the prime factors of a?
7, 13
Let w = 11613 - 7760. Suppose 3*p - 6*p = -5*h - w, -3*h - 3843 = -3*p. What are the prime factors of p?
2, 11, 29
Suppose 2*a + 5*y = 5, 1 = -3*a + a + y. Let j(z) = -z**2 + z - 2. Let x be j(a). List the prime factors of -3 + (1 - x) + 87 + 2.
89
Let g(p) = 183 + 180 - 379 + 6*p + 52*p**2. List the prime factors of g(4).
2, 3, 5, 7
Let v = 11 + -1. Suppose 5098 + 2392 = v*t. What are the prime factors of t/7 + (-1 - -3)?
109
Let s(l) = -l**3 + 27*l**2 - 24*l + 295. What are the prime factors of s(19)?
3, 101
Suppose 0 = -11*r + 3*r + 720. Suppose -r = f - 0*f. Let y = f + 147. What are the prime factors of y?
3, 19
Suppose 5*k = 15 + 30. Let v(n) = 124*n - 174. What are the prime factors of v(k)?
2, 3, 157
Suppose 7*d = -7*d + 336. Suppose -12 = 3*r - d. Suppose -r*g + 444 = 4*h, -5*g = 3*h - g - 330. What are the prime factors of h?
2, 3, 19
Let d(p) = 2*p - 9. Let y(u) = -u - 1. Let w(z) = -z**2 + 18*z + 36. Let x be w(20). Let r(m) = x*y(m) - d(m). What are the prime factors of r(8)?
29
Let o(f) = f + 65. Let u be o(-5). Suppose 0 = 5*q - 20, 4*r = 12*q - 13*q + u. What are the prime factors of r?
2, 7
Suppose 40*a = 142973 + 16067. What are the prime factors of a?
2, 7, 71
List the prime factors of 22/(-253) + (1/(5/(-2442850)))/(-46).
13, 19, 43
Suppose 12 = -4*s, -74*w + 70*w = 4*s - 9308. Suppose 9*z + w = 12122. What are the prime factors of z?
2, 17
Let y = 736 + -735. Let u(q) = 1728*q**3 - 3*q**2 + 6*q - 4. What are the prime factors of u(y)?
11, 157
Let j = 804 + -1492. Let n = -472 - j. List the prime factors of n.
2, 3
Let l = -3558 + 3650. List the prime factors of l.
2, 23
Let v(d) = 4*d**2 + 6*d + 9. Let c(u) = -3*u**2 - 5*u - 8. Let t(o) = 6*c(o) + 5*v(o). Let r(m) = -2*m + 1. Let l be r(-1). What are the prime factors of t(l)?
3, 5
Suppose 5*a - 8*a + 45 = 0. Suppose 0 = -a*o + 8*o + 448. What are the prime factors of o?
2
Let l(p) = -p**3 - 4*p**2 - 2*p - 1. Let d be l(7). Let z be (-2890)/8 + 6/(8 + 16). Let m = z - d. List the prime factors of m.
193
Let j = 11665 + -3568. List the prime factors of j.
3, 2699
Suppose 5*v + 12 = -2*p, -2*p + 0 = 2. List the prime factors of (1 - (-1005)/(-10))/(1/v).
199
Suppose -k = -3*i - 1710, 0 = -5*i - 3*k + 5*k - 2851. Let l = i - -1689. List the prime factors of l.
2, 5, 7
Suppose 5*p = 8*p + 198. Suppose 3*w + 5*a + 172 = 0, -5*w - 77 = -2*a + 220. Let x = w - p. What are the prime factors of x?
7
Let u(z) = -408*z - 52. Let k be u(-2). List the prime factors of (39/12)/13*k.
191
Let n = 30 - 27. Let f be (-5)/(-15) - 1/n. Suppose -4*h - 2*r + 366 = -f*r, -4*r - 438 = -5*h. List the prime factors of h.
2, 3, 5
Let k(s) = -s**2 + s. Let o be k(1). Let j = 66 - o. Let h = 98 - j. What are the prime factors of h?
2
Suppose -58*h + 3620223 = 78*h - 556337. List the prime factors of h.
2, 5, 37, 83
Let j = 26537 - 4368. What are the prime factors of j?
7, 3167
Let k(y) be the second derivative of 5*y**4/12 - 11*y**3/6 + 7*y**2 - 206*y. Let r = 8 - 1. What are the prime factors of k(r)?
2, 7, 13
Let a be (-2)/(-13) + (-84)/39 + -2. Let y be 2/a*-16 - 4. Suppose 0 = -y*g, -3*b + 300 = 2*b + 3*g. List the prime factors of b.
2, 3, 5
Suppose -483*g + 477*g + 228 = 0. Let w = 568 + g. What are the prime factors of w?
2, 3, 101
What are the prime factors of 336/(-2856) - ((-951169)/17 - 3)?
2, 101, 277
Let d = -1996 + 7277. What are the prime factors of d?
5281
Suppose 5*d = -5*n + 4615, -4631 = -5*n - 0*d - d. List the prime factors of (-3)/((-159)/n + (-3)/(-18)).
2, 3, 103
Let w be 77 + (-4*2/(-8) - -2). List the prime factors of 1095/1*(w/24)/10.
5, 73
Let q be 6/15 - 234/10. Suppose 13*f + 8*f - 1869 = 0. Let l = f + q. List the prime factors of l.
2, 3, 11
What are the prime factors of (-5)/5*(-13084 + -23)?
3, 17, 257
Suppose -489*d = -484*d - 1345. Suppose -616 = -l + d. What are the prime factors of l?
3, 5, 59
Let s be -1*692/(-4) + 11 + -10. Let m be -20*(-14)/(-4) - -2. Let n = s + m. List the prime factors of n.
2, 53
Suppose 0 = 5*u + 2*t - 16, -4*t + 17 = 4*u - t. Suppose 0 = 2*x + 3*h - h - 196, u*x + h - 191 = 0. List the prime factors of x.
3, 31
Let y = -151 - -238. Suppose 4*d - 36 = 4*a, 6*a = 2*a - 12. Suppose -u + 18 = v, -5*u - d*v + 2*v = -y. What are the prime factors of u?
3, 5
Let p = 85 - 85. Suppose -5*q = -2*h - 49, q + 0*h + 4*h - 1 = p. Suppose -q*n = -16*n + 882. List the prime factors of n.
2, 3, 7
Let g(p) = -23*p - 17. Let m be 7/28 + (-33)/4. What are the prime factors of g(m)?
167
List the prime factors of 36/12 - -8639 - -13.
3, 5, 577
Let q(d) = -187*d - 48. Let t be q(4). What are the prime factors of (t - 11)*(-4)/6?
2, 269
Let f(k) = -k**3 - 22*k**2 + 4*k + 44751. What are the prime factors of f(0)?
3, 7, 2131
Let o(l) = 1766*l - 1359. What are the prime factors of o(4)?
5, 7, 163
Suppose -495 = -4*f + 97. Let h = 285 - f. Let c = h + -65. What are the prime factors of c?
2, 3
Suppose 0 = 28*o + 194135 - 395601 - 229958. What are the prime factors of o?
2, 3, 107
Let z(o) = 23*o - 5. Suppose -3*k - 4 = 4*a - 2, -2*a = 4. Suppose -k*w + 8 = 4. What are the prime factors of z(w)?
41
Let b(a) = 67*a**2 - 231*a - 20. What are the prime factors of b(12)?
2, 857
Let r = 782 - 942. List the prime factors of (12/30)/((-1)/r).
2
Let j = -8253 + 13159. List the prime factors of j.
2, 11, 223
Suppose 79*w + 79014 = 1264409. List the prime factors of w.
5, 3001
Let l = 15810 - -6712. What are the prime factors of l?
2, 11261
Let z(n) be the first derivative of 46*n**3 - 9*n**2/2 + 2*n + 10. Let m be z(2). List the prime factors of (-4 + 2 + m)*13/26.
3, 89
Suppose 127*b = 1026981 + 798407 + 879331. List the prime factors of b.
3, 31, 229
Let n be 21804/14 - 24/(-42). Let k = -906 + n. List the prime factors of k.
2, 163
Suppose 24*c + 24 - 96 = 0. What are the prime factors of -2 + 6 - ((c - -1) + -223)?
223
Let f(c) be the third derivative of -c**6/120 - c**5/15 + 11*c**4/24 + 8*c**3/3 - 9*c**2 + 9. List the prime factors of f(-11).
2, 7, 53
Suppose 0 = -o - 5*i + 2694, -i = -2*o + 1344 + 3989. What are the prime factors of o?
17, 157
Let n be (-8 + 6 + -3)*3396/30. Let f = -391 - n. List the prime factors of f.
5, 7
Let j(w) = -32*w**3 - 5*w**2 + 5. Suppose -3*t = 4*f + 14 - 9, -5*t = -5*f - 15. What are the prime factors of j(f)?
241
Suppose 15949 = 145*j - 104*j. What are the prime factors of j?
389
Suppose 5*z + 20221 = -5*n + 55911, 0 = -3*z - n + 21406. List the prime factors of z.
2, 3, 29, 41
Let k be (-38 - -23)/(6/(-12724)). Let m be 2/(-10) + k/50. Suppose 8*z - 644 = m. What are the prime factors of z?
2, 5
Let r be (-28)/(-14) + (10 - 3). Let t(j) = 17*j - 51. List the prime factors of t(r).
2, 3, 17
Suppose 27776 = 10*m - 53194. What are the prime factors of m?
3, 2699
Let s(k) = 540*k**2 - 3*k - 92. List the prime factors of s(-6).
2, 23, 421
Suppose -56*l - 1 = -55*l. What are the prime factors of (l - 13)*(-258)/12?
7, 43
Let k(q) = -2*q**3 - 14*q**2 - 40. Let t be k(-10). Suppose -651 - t = -7*o. What are the prime factors of o - (-1 + 5 + -9)?
2, 89
Let o = -4315 - -15904. What are the prime factors of o?
3, 3863
Suppose 1067*j - 219825 = 1064*j - 5*n, 2*j + 2*n = 146562. What are the prime factors of j?
2, 3, 5, 7, 349
Let a = 3 + 5. Let w(i) = 7*i**2 - i + 21. Let o(d) = d**2. Let y(f) = -6*o(f) + w(f). What are the prime factors of y(a)?
7, 11
Let l(o) = -2*o**2 + 13*o - 11. Let m be l(5). Let g be (-2)/(m/10) - 2. List the prime factors of (-340)/(g - -2) - 0.
2, 17
Let m be 286/4 - 6/4. Let t = 90 - m. Let f = t + 54. What are the prime factors of f?
2, 37
Let c(f) = f**2 - f - 2. Let a be c(0). Let i = a + 8. Let n(g) = 4*g**2 + 3*g + 7. List the prime factors of n(i).
13
Suppose -12*v - 39 = -75. What are the prime factors of (9 + 3)/v - (-1 + -473)?
2, 239
Suppose -4*q + 91910 = d, 402*q + 22988 = 403*q - 5*d. What are the prime factors of q?
2, 11489
Let m = 72 + -55. Sup